{"id":184,"date":"2024-02-21T21:51:18","date_gmt":"2024-02-21T20:51:18","guid":{"rendered":"https:\/\/toitsausoleil.org\/?page_id=184"},"modified":"2026-03-13T17:15:36","modified_gmt":"2026-03-13T16:15:36","slug":"toitures-des-batiments-neufs-demmaus-zone-de-brais-a-saint-nazaire","status":"publish","type":"page","link":"https:\/\/toitsausoleil.org\/index.php\/toitures-des-batiments-neufs-demmaus-zone-de-brais-a-saint-nazaire\/","title":{"rendered":"Emma\u00fcs Saint-Nazaire"},"content":{"rendered":"\t\t<div data-elementor-type=\"wp-page\" data-elementor-id=\"184\" class=\"elementor elementor-184\">\n\t\t\t\t<div class=\"elementor-element elementor-element-45cc143 e-flex e-con-boxed e-con e-parent\" data-id=\"45cc143\" data-element_type=\"container\">\n\t\t\t\t\t<div class=\"e-con-inner\">\n\t\t\t\t<div class=\"elementor-element elementor-element-e924a2c elementor-widget elementor-widget-heading\" data-id=\"e924a2c\" data-element_type=\"widget\" data-widget_type=\"heading.default\">\n\t\t\t\t<div class=\"elementor-widget-container\">\n\t\t\t\t\t<h1 class=\"elementor-heading-title elementor-size-default\"><p class=\"western\" align=\"center\" style=\"line-height: 100%;margin-bottom: 0cm\">\n<font color=\"#000000\"><font face=\"Lucida Sans Unicode, serif\"><font style=\"font-size: 14pt\"><b>Toitures\ndes b\u00e2timents neufs d\u2019Emma\u00fcs Zone de Brais \u00e0 Saint-Nazaire<\/b><\/font><\/font><\/font><\/p>\n<p class=\"western\" align=\"center\" style=\"line-height: 100%;margin-bottom: 0cm\">\n<br><\/p>\n<\/h1>\t\t\t\t<\/div>\n\t\t\t\t<\/div>\n\t\t\t\t<div class=\"elementor-element elementor-element-03501b9 elementor-widget elementor-widget-image\" data-id=\"03501b9\" data-element_type=\"widget\" data-widget_type=\"image.default\">\n\t\t\t\t<div class=\"elementor-widget-container\">\n\t\t\t\t\t\t\t\t\t\t\t\t\t\t\t<img fetchpriority=\"high\" decoding=\"async\" width=\"1024\" height=\"461\" src=\"https:\/\/toitsausoleil.org\/wp-content\/uploads\/2024\/02\/toiture-Emmaus-zone-de-Brais-Saint-Nazaire-1024x461.jpg\" class=\"attachment-large size-large wp-image-71\" alt=\"\" srcset=\"https:\/\/toitsausoleil.org\/wp-content\/uploads\/2024\/02\/toiture-Emmaus-zone-de-Brais-Saint-Nazaire-1024x461.jpg 1024w, https:\/\/toitsausoleil.org\/wp-content\/uploads\/2024\/02\/toiture-Emmaus-zone-de-Brais-Saint-Nazaire-300x135.jpg 300w, https:\/\/toitsausoleil.org\/wp-content\/uploads\/2024\/02\/toiture-Emmaus-zone-de-Brais-Saint-Nazaire-768x346.jpg 768w, https:\/\/toitsausoleil.org\/wp-content\/uploads\/2024\/02\/toiture-Emmaus-zone-de-Brais-Saint-Nazaire-1536x691.jpg 1536w, https:\/\/toitsausoleil.org\/wp-content\/uploads\/2024\/02\/toiture-Emmaus-zone-de-Brais-Saint-Nazaire-2048x922.jpg 2048w, https:\/\/toitsausoleil.org\/wp-content\/uploads\/2024\/02\/toiture-Emmaus-zone-de-Brais-Saint-Nazaire-1170x527.jpg 1170w\" sizes=\"(max-width: 1024px) 100vw, 1024px\" \/>\t\t\t\t\t\t\t\t\t\t\t\t\t\t\t<\/div>\n\t\t\t\t<\/div>\n\t\t\t\t\t<\/div>\n\t\t\t\t<\/div>\n\t\t<div class=\"elementor-element elementor-element-ac7fe72 e-flex e-con-boxed e-con e-parent\" data-id=\"ac7fe72\" data-element_type=\"container\">\n\t\t\t\t\t<div class=\"e-con-inner\">\n\t\t\t\t<div class=\"elementor-element elementor-element-20ba066 elementor-widget elementor-widget-text-editor\" data-id=\"20ba066\" data-element_type=\"widget\" data-widget_type=\"text-editor.default\">\n\t\t\t\t<div class=\"elementor-widget-container\">\n\t\t\t\t\t\t\t\t\t<h1 class=\"western\" style=\"line-height: 100%; margin-bottom: 0cm;\" align=\"left\">\u00a0630 m\u00b2 de panneaux pour une puissance totale de 130 KWc.<\/h1>\t\t\t\t\t\t\t\t<\/div>\n\t\t\t\t<\/div>\n\t\t\t\t\t<\/div>\n\t\t\t\t<\/div>\n\t\t<div class=\"elementor-element elementor-element-905c17e e-flex e-con-boxed e-con e-parent\" data-id=\"905c17e\" data-element_type=\"container\">\n\t\t\t\t\t<div class=\"e-con-inner\">\n\t\t\t\t<div class=\"elementor-element elementor-element-065481e elementor-widget elementor-widget-heading\" data-id=\"065481e\" data-element_type=\"widget\" data-widget_type=\"heading.default\">\n\t\t\t\t<div class=\"elementor-widget-container\">\n\t\t\t\t\t<h2 class=\"elementor-heading-title elementor-size-default\">Investissement total pour CoWatt:\u00a0 149 000 euros\navec 30 % de fonds citoyens, r\u00e9unis par 70 souscripteurs.<\/h2>\t\t\t\t<\/div>\n\t\t\t\t<\/div>\n\t\t\t\t<div class=\"elementor-element elementor-element-71495a2 elementor-widget elementor-widget-image\" data-id=\"71495a2\" data-element_type=\"widget\" data-widget_type=\"image.default\">\n\t\t\t\t<div class=\"elementor-widget-container\">\n\t\t\t\t\t\t\t\t\t\t\t\t\t\t\t<img decoding=\"async\" width=\"1024\" height=\"683\" src=\"https:\/\/toitsausoleil.org\/wp-content\/uploads\/2024\/02\/RECIT-291-1024x683.jpg\" class=\"attachment-large size-large wp-image-73\" alt=\"\" srcset=\"https:\/\/toitsausoleil.org\/wp-content\/uploads\/2024\/02\/RECIT-291-1024x683.jpg 1024w, https:\/\/toitsausoleil.org\/wp-content\/uploads\/2024\/02\/RECIT-291-300x200.jpg 300w, https:\/\/toitsausoleil.org\/wp-content\/uploads\/2024\/02\/RECIT-291-768x512.jpg 768w, https:\/\/toitsausoleil.org\/wp-content\/uploads\/2024\/02\/RECIT-291-1536x1025.jpg 1536w, https:\/\/toitsausoleil.org\/wp-content\/uploads\/2024\/02\/RECIT-291-2048x1366.jpg 2048w, https:\/\/toitsausoleil.org\/wp-content\/uploads\/2024\/02\/RECIT-291-1064x710.jpg 1064w\" sizes=\"(max-width: 1024px) 100vw, 1024px\" \/>\t\t\t\t\t\t\t\t\t\t\t\t\t\t\t<\/div>\n\t\t\t\t<\/div>\n\t\t\t\t<div class=\"elementor-element elementor-element-5c7be90 elementor-widget elementor-widget-image\" data-id=\"5c7be90\" data-element_type=\"widget\" data-widget_type=\"image.default\">\n\t\t\t\t<div class=\"elementor-widget-container\">\n\t\t\t\t\t\t\t\t\t\t\t\t\t\t\t<img decoding=\"async\" width=\"1024\" height=\"864\" src=\"https:\/\/toitsausoleil.org\/wp-content\/uploads\/2026\/03\/20250821_112514-1024x864.jpg\" class=\"attachment-large size-large wp-image-10496\" alt=\"\" srcset=\"https:\/\/toitsausoleil.org\/wp-content\/uploads\/2026\/03\/20250821_112514-1024x864.jpg 1024w, https:\/\/toitsausoleil.org\/wp-content\/uploads\/2026\/03\/20250821_112514-300x253.jpg 300w, https:\/\/toitsausoleil.org\/wp-content\/uploads\/2026\/03\/20250821_112514-768x648.jpg 768w, https:\/\/toitsausoleil.org\/wp-content\/uploads\/2026\/03\/20250821_112514-1536x1296.jpg 1536w, https:\/\/toitsausoleil.org\/wp-content\/uploads\/2026\/03\/20250821_112514-2048x1728.jpg 2048w\" sizes=\"(max-width: 1024px) 100vw, 1024px\" \/>\t\t\t\t\t\t\t\t\t\t\t\t\t\t\t<\/div>\n\t\t\t\t<\/div>\n\t\t\t\t<div class=\"elementor-element elementor-element-6baccc4 elementor-widget elementor-widget-text-editor\" data-id=\"6baccc4\" data-element_type=\"widget\" data-widget_type=\"text-editor.default\">\n\t\t\t\t<div class=\"elementor-widget-container\">\n\t\t\t\t\t\t\t\t\t<h2><strong>L&#8217;\u00e9lectricit\u00e9 produite est revendue \u00e0 Enercoop OA<\/strong><\/h2>\t\t\t\t\t\t\t\t<\/div>\n\t\t\t\t<\/div>\n\t\t\t\t\t<\/div>\n\t\t\t\t<\/div>\n\t\t<div class=\"elementor-element elementor-element-c2760f7 e-flex e-con-boxed e-con e-parent\" data-id=\"c2760f7\" data-element_type=\"container\">\n\t\t\t\t\t<div class=\"e-con-inner\">\n\t\t<div class=\"elementor-element elementor-element-9c6a132 e-con-full e-flex e-con e-child\" data-id=\"9c6a132\" data-element_type=\"container\">\n\t\t\t\t<div class=\"elementor-element elementor-element-c661209 elementor-widget elementor-widget-image\" data-id=\"c661209\" data-element_type=\"widget\" data-widget_type=\"image.default\">\n\t\t\t\t<div class=\"elementor-widget-container\">\n\t\t\t\t\t\t\t\t\t\t\t\t\t\t\t<img loading=\"lazy\" decoding=\"async\" width=\"999\" height=\"875\" src=\"https:\/\/toitsausoleil.org\/wp-content\/uploads\/2024\/04\/cropped-Logo_Toits-au-soleil-2-154x135.png\" class=\"attachment-large size-large wp-image-9544\" alt=\"\" srcset=\"https:\/\/toitsausoleil.org\/wp-content\/uploads\/2024\/04\/cropped-Logo_Toits-au-soleil-2.png 999w, https:\/\/toitsausoleil.org\/wp-content\/uploads\/2024\/04\/cropped-Logo_Toits-au-soleil-2-300x263.png 300w, https:\/\/toitsausoleil.org\/wp-content\/uploads\/2024\/04\/cropped-Logo_Toits-au-soleil-2-768x673.png 768w, https:\/\/toitsausoleil.org\/wp-content\/uploads\/2024\/04\/cropped-Logo_Toits-au-soleil-2-154x135.png 154w\" sizes=\"(max-width: 999px) 100vw, 999px\" \/>\t\t\t\t\t\t\t\t\t\t\t\t\t\t\t<\/div>\n\t\t\t\t<\/div>\n\t\t\t\t<\/div>\n\t\t<div class=\"elementor-element elementor-element-52d2a0a e-con-full e-flex e-con e-child\" data-id=\"52d2a0a\" data-element_type=\"container\">\n\t\t\t\t<div class=\"elementor-element elementor-element-52e1b05 elementor-widget elementor-widget-image\" data-id=\"52e1b05\" data-element_type=\"widget\" data-widget_type=\"image.default\">\n\t\t\t\t<div class=\"elementor-widget-container\">\n\t\t\t\t\t\t\t\t\t\t\t\t\t\t\t<img loading=\"lazy\" decoding=\"async\" width=\"1024\" height=\"683\" src=\"https:\/\/toitsausoleil.org\/wp-content\/uploads\/2024\/02\/RECIT-280-1024x683.jpg\" class=\"attachment-large size-large wp-image-72\" alt=\"\" srcset=\"https:\/\/toitsausoleil.org\/wp-content\/uploads\/2024\/02\/RECIT-280-1024x683.jpg 1024w, https:\/\/toitsausoleil.org\/wp-content\/uploads\/2024\/02\/RECIT-280-300x200.jpg 300w, https:\/\/toitsausoleil.org\/wp-content\/uploads\/2024\/02\/RECIT-280-768x512.jpg 768w, https:\/\/toitsausoleil.org\/wp-content\/uploads\/2024\/02\/RECIT-280-1536x1025.jpg 1536w, https:\/\/toitsausoleil.org\/wp-content\/uploads\/2024\/02\/RECIT-280-2048x1366.jpg 2048w, https:\/\/toitsausoleil.org\/wp-content\/uploads\/2024\/02\/RECIT-280-1064x710.jpg 1064w\" sizes=\"(max-width: 1024px) 100vw, 1024px\" \/>\t\t\t\t\t\t\t\t\t\t\t\t\t\t\t<\/div>\n\t\t\t\t<\/div>\n\t\t\t\t<\/div>\n\t\t<div class=\"elementor-element elementor-element-ef1a669 e-con-full e-flex e-con e-child\" data-id=\"ef1a669\" data-element_type=\"container\">\n\t\t\t\t<\/div>\n\t\t\t\t<div class=\"elementor-element elementor-element-566a138 elementor-widget__width-initial elementor-widget-tablet__width-initial elementor-widget elementor-widget-image\" data-id=\"566a138\" data-element_type=\"widget\" data-widget_type=\"image.default\">\n\t\t\t\t<div class=\"elementor-widget-container\">\n\t\t\t\t\t\t\t\t\t\t\t\t\t\t\t<img loading=\"lazy\" decoding=\"async\" width=\"514\" height=\"321\" src=\"https:\/\/toitsausoleil.org\/wp-content\/uploads\/2024\/02\/logo-cowatt.jpg\" class=\"attachment-large size-large wp-image-100\" alt=\"\" srcset=\"https:\/\/toitsausoleil.org\/wp-content\/uploads\/2024\/02\/logo-cowatt.jpg 514w, https:\/\/toitsausoleil.org\/wp-content\/uploads\/2024\/02\/logo-cowatt-300x187.jpg 300w\" sizes=\"(max-width: 514px) 100vw, 514px\" \/>\t\t\t\t\t\t\t\t\t\t\t\t\t\t\t<\/div>\n\t\t\t\t<\/div>\n\t\t\t\t\t<\/div>\n\t\t\t\t<\/div>\n\t\t<div class=\"elementor-element elementor-element-3943cf0 e-grid e-con-boxed e-con e-parent\" data-id=\"3943cf0\" data-element_type=\"container\">\n\t\t\t\t\t<div class=\"e-con-inner\">\n\t\t\t\t<div class=\"elementor-element elementor-element-df73dbd elementor-widget elementor-widget-text-editor\" data-id=\"df73dbd\" data-element_type=\"widget\" data-widget_type=\"text-editor.default\">\n\t\t\t\t<div class=\"elementor-widget-container\">\n\t\t\t\t\t\t\t\t\t<p>En savoir plus sur ce projet: <a title=\"d\u00e9tails projet Emma\u00fcs Brais\" href=\"https:\/\/toitsausoleil.org\/index.php\/les-details-du-projet-emmaus-brais\/\">D\u00e9tails du projet Emma\u00fcs Brais<\/a><\/p>\t\t\t\t\t\t\t\t<\/div>\n\t\t\t\t<\/div>\n\t\t\t\t\t<\/div>\n\t\t\t\t<\/div>\n\t\t\t\t<\/div>\n\t\t","protected":false},"excerpt":{"rendered":"<p>Toitures des b\u00e2timents neufs d\u2019Emma\u00fcs Zone de Brais \u00e0 Saint-Nazaire \u00a0630 m\u00b2 de panneaux pour une puissance totale de 130 [&hellip;]<\/p>\n","protected":false},"author":2,"featured_media":0,"parent":0,"menu_order":0,"comment_status":"closed","ping_status":"closed","template":"","meta":{"site-sidebar-layout":"default","site-content-layout":"","ast-site-content-layout":"","site-content-style":"default","site-sidebar-style":"default","ast-global-header-display":"","ast-banner-title-visibility":"","ast-main-header-display":"","ast-hfb-above-header-display":"","ast-hfb-below-header-display":"","ast-hfb-mobile-header-display":"","site-post-title":"","ast-breadcrumbs-content":"","ast-featured-img":"","footer-sml-layout":"","theme-transparent-header-meta":"","adv-header-id-meta":"","stick-header-meta":"","header-above-stick-meta":"","header-main-stick-meta":"","header-below-stick-meta":"","astra-migrate-meta-layouts":"default","ast-page-background-enabled":"default","ast-page-background-meta":{"desktop":{"background-color":"var(--ast-global-color-4)","background-image":"","background-repeat":"repeat","background-position":"center center","background-size":"auto","background-attachment":"scroll","background-type":"","background-media":"","overlay-type":"","overlay-color":"","overlay-gradient":""},"tablet":{"background-color":"","background-image":"","background-repeat":"repeat","background-position":"center center","background-size":"auto","background-attachment":"scroll","background-type":"","background-media":"","overlay-type":"","overlay-color":"","overlay-gradient":""},"mobile":{"background-color":"","background-image":"","background-repeat":"repeat","background-position":"center center","background-size":"auto","background-attachment":"scroll","background-type":"","background-media":"","overlay-type":"","overlay-color":"","overlay-gradient":""}},"ast-content-background-meta":{"desktop":{"background-color":"var(--ast-global-color-5)","background-image":"","background-repeat":"repeat","background-position":"center center","background-size":"auto","background-attachment":"scroll","background-type":"","background-media":"","overlay-type":"","overlay-color":"","overlay-gradient":""},"tablet":{"background-color":"var(--ast-global-color-5)","background-image":"","background-repeat":"repeat","background-position":"center center","background-size":"auto","background-attachment":"scroll","background-type":"","background-media":"","overlay-type":"","overlay-color":"","overlay-gradient":""},"mobile":{"background-color":"var(--ast-global-color-5)","background-image":"","background-repeat":"repeat","background-position":"center center","background-size":"auto","background-attachment":"scroll","background-type":"","background-media":"","overlay-type":"","overlay-color":"","overlay-gradient":""}},"footnotes":""},"class_list":["post-184","page","type-page","status-publish","hentry"],"aioseo_notices":[],"_links":{"self":[{"href":"https:\/\/toitsausoleil.org\/index.php\/wp-json\/wp\/v2\/pages\/184","targetHints":{"allow":["GET"]}}],"collection":[{"href":"https:\/\/toitsausoleil.org\/index.php\/wp-json\/wp\/v2\/pages"}],"about":[{"href":"https:\/\/toitsausoleil.org\/index.php\/wp-json\/wp\/v2\/types\/page"}],"author":[{"embeddable":true,"href":"https:\/\/toitsausoleil.org\/index.php\/wp-json\/wp\/v2\/users\/2"}],"replies":[{"embeddable":true,"href":"https:\/\/toitsausoleil.org\/index.php\/wp-json\/wp\/v2\/comments?post=184"}],"version-history":[{"count":103,"href":"https:\/\/toitsausoleil.org\/index.php\/wp-json\/wp\/v2\/pages\/184\/revisions"}],"predecessor-version":[{"id":10510,"href":"https:\/\/toitsausoleil.org\/index.php\/wp-json\/wp\/v2\/pages\/184\/revisions\/10510"}],"wp:attachment":[{"href":"https:\/\/toitsausoleil.org\/index.php\/wp-json\/wp\/v2\/media?parent=184"}],"curies":[{"name":"wp","href":"https:\/\/api.w.org\/{rel}","templated":true}]}}