{"id":165,"date":"2024-02-15T21:27:10","date_gmt":"2024-02-15T20:27:10","guid":{"rendered":"https:\/\/toitsausoleil.org\/?page_id=165"},"modified":"2026-02-06T09:45:47","modified_gmt":"2026-02-06T08:45:47","slug":"projet-trignac","status":"publish","type":"page","link":"https:\/\/toitsausoleil.org\/index.php\/projet-trignac\/","title":{"rendered":"tribune stade de rugby Trignac"},"content":{"rendered":"\t\t<div data-elementor-type=\"wp-page\" data-elementor-id=\"165\" class=\"elementor elementor-165\">\n\t\t\t\t<div class=\"elementor-element elementor-element-d9e8088 e-flex e-con-boxed e-con e-parent\" data-id=\"d9e8088\" data-element_type=\"container\">\n\t\t\t\t\t<div class=\"e-con-inner\">\n\t\t\t\t<div class=\"elementor-element elementor-element-0bea42f elementor-widget elementor-widget-image\" data-id=\"0bea42f\" data-element_type=\"widget\" data-widget_type=\"image.default\">\n\t\t\t\t<div class=\"elementor-widget-container\">\n\t\t\t\t\t\t\t\t\t\t\t\t\t\t\t<img fetchpriority=\"high\" decoding=\"async\" width=\"966\" height=\"690\" src=\"https:\/\/toitsausoleil.org\/wp-content\/uploads\/2024\/02\/Toits-au-soleil-Trignac-tribune-stade-1.jpg\" class=\"attachment-large size-large wp-image-168\" alt=\"\" srcset=\"https:\/\/toitsausoleil.org\/wp-content\/uploads\/2024\/02\/Toits-au-soleil-Trignac-tribune-stade-1.jpg 966w, https:\/\/toitsausoleil.org\/wp-content\/uploads\/2024\/02\/Toits-au-soleil-Trignac-tribune-stade-1-300x214.jpg 300w, https:\/\/toitsausoleil.org\/wp-content\/uploads\/2024\/02\/Toits-au-soleil-Trignac-tribune-stade-1-768x549.jpg 768w\" sizes=\"(max-width: 966px) 100vw, 966px\" \/>\t\t\t\t\t\t\t\t\t\t\t\t\t\t\t<\/div>\n\t\t\t\t<\/div>\n\t\t\t\t\t<\/div>\n\t\t\t\t<\/div>\n\t\t<div class=\"elementor-element elementor-element-2f315d77 e-flex e-con-boxed e-con e-parent\" data-id=\"2f315d77\" data-element_type=\"container\">\n\t\t\t\t\t<div class=\"e-con-inner\">\n\t\t\t\t<div class=\"elementor-element elementor-element-70d3fefb elementor-widget elementor-widget-text-editor\" data-id=\"70d3fefb\" data-element_type=\"widget\" data-widget_type=\"text-editor.default\">\n\t\t\t\t<div class=\"elementor-widget-container\">\n\t\t\t\t\t\t\t\t\t<figure class=\"wp-block-gallery has-nested-images columns-default is-cropped\"><\/strong><\/p>\n<p><strong>Le toit de la tribune a une structure en b\u00e9ton rev\u00eatue de bitume, sa surface exploitable est de 200 m\u00b2.<\/strong><\/p>\n<p><strong><\/strong><\/p>\n<p><strong>88 panneaux seront install\u00e9s gr\u00e2ce \u00e0 un financement citoyen soit 33 KWc. 35 MWh d&#8217;\u00e9lectricit\u00e9 seront produits par an.<\/strong><\/p>\n<p><strong><\/strong><\/p>\n<p><strong>Cette installation photovolta\u00efque produira l\u2019\u00e9quivalent de la consommation d\u2019\u00e9lectricit\u00e9 de 12 foyers (hors chauffage et eau chaude).<\/strong><\/p>\n<p><\/p>\n<p><strong>Ce projet se concr\u00e9tise.<\/strong><\/p>\n<p><\/p>\n<p><strong>En mai 2020 la Ville de Trignac a fait r\u00e9aliser le changement de l\u2019\u00e9tanch\u00e9it\u00e9.<\/strong><\/p>\n<p><\/p>\n<p><strong>Octobre 2020: D\u00e9fi relev\u00e9: l\u2019appel de fonds est termin\u00e9! <\/strong><\/p>\n<p><strong>34 souscripteurs ont particip\u00e9 \u00e0 cette l\u00e9v\u00e9e de fonds.<\/strong><\/p>\n<p><\/p>\n<p><strong>Vive le financement citoyen!<\/strong><\/p>\n<p><strong>Mai 2024: les travaux sont termin\u00e9s.<\/strong><\/p>\n<p><strong>21 octobre 2024 entr\u00e9e en production de la centrale photovolta\u00efque!<\/strong><\/p>\n<p><span style=\"text-decoration: underline;\"><strong>Bilan apr\u00e8s\u00a0 une ann\u00e9e de production:<\/strong><\/span><\/p>\n<div><strong>La production annuelle est\u00a0 sup\u00e9rieure \u00e0 37 MWh.<\/strong><\/div>\n<div><strong> La centrale produit tr\u00e8s bien et 2025 a \u00e9t\u00e9 une ann\u00e9e bien ensoleill\u00e9e.<\/strong><\/div>\n<div><strong>Dans l&#8217;\u00e9tude financi\u00e8re, la production estim\u00e9e de la premi\u00e8re ann\u00e9e \u00e9tait de 34,5 MWh donc on est \u00e0 + 7%. C&#8217;est un d\u00e9but encourageant!<\/strong><\/div>\n<div>\u00a0<\/div>\n<p><\/p>\n<p><\/p>\t\t\t\t\t\t\t\t<\/div>\n\t\t\t\t<\/div>\n\t\t\t\t\t<\/div>\n\t\t\t\t<\/div>\n\t\t<div class=\"elementor-element elementor-element-7deeea0 e-flex e-con-boxed e-con e-parent\" data-id=\"7deeea0\" data-element_type=\"container\">\n\t\t\t\t\t<div class=\"e-con-inner\">\n\t\t\t\t<div class=\"elementor-element elementor-element-692f1b3 elementor-widget elementor-widget-image\" data-id=\"692f1b3\" data-element_type=\"widget\" data-widget_type=\"image.default\">\n\t\t\t\t<div class=\"elementor-widget-container\">\n\t\t\t\t\t\t\t\t\t\t\t\t\t\t\t<img decoding=\"async\" width=\"850\" height=\"436\" src=\"https:\/\/toitsausoleil.org\/wp-content\/uploads\/2026\/02\/Capture-decran-2026-02-06-094234.png\" class=\"attachment-large size-large wp-image-10387\" alt=\"\" srcset=\"https:\/\/toitsausoleil.org\/wp-content\/uploads\/2026\/02\/Capture-decran-2026-02-06-094234.png 850w, https:\/\/toitsausoleil.org\/wp-content\/uploads\/2026\/02\/Capture-decran-2026-02-06-094234-300x154.png 300w, https:\/\/toitsausoleil.org\/wp-content\/uploads\/2026\/02\/Capture-decran-2026-02-06-094234-768x394.png 768w\" sizes=\"(max-width: 850px) 100vw, 850px\" \/>\t\t\t\t\t\t\t\t\t\t\t\t\t\t\t<\/div>\n\t\t\t\t<\/div>\n\t\t\t\t\t<\/div>\n\t\t\t\t<\/div>\n\t\t<div class=\"elementor-element elementor-element-1b64fb3 e-flex e-con-boxed e-con e-parent\" data-id=\"1b64fb3\" data-element_type=\"container\">\n\t\t\t\t\t<div class=\"e-con-inner\">\n\t\t\t\t<div class=\"elementor-element elementor-element-a607695 elementor-widget elementor-widget-image\" data-id=\"a607695\" data-element_type=\"widget\" data-widget_type=\"image.default\">\n\t\t\t\t<div class=\"elementor-widget-container\">\n\t\t\t\t\t\t\t\t\t\t\t\t\t\t\t<img decoding=\"async\" width=\"1024\" height=\"768\" src=\"https:\/\/toitsausoleil.org\/wp-content\/uploads\/2024\/05\/page-FB-1024x768.jpg\" class=\"attachment-large size-large wp-image-9954\" alt=\"\" srcset=\"https:\/\/toitsausoleil.org\/wp-content\/uploads\/2024\/05\/page-FB-1024x768.jpg 1024w, https:\/\/toitsausoleil.org\/wp-content\/uploads\/2024\/05\/page-FB-300x225.jpg 300w, https:\/\/toitsausoleil.org\/wp-content\/uploads\/2024\/05\/page-FB-768x576.jpg 768w, https:\/\/toitsausoleil.org\/wp-content\/uploads\/2024\/05\/page-FB-1536x1152.jpg 1536w, https:\/\/toitsausoleil.org\/wp-content\/uploads\/2024\/05\/page-FB.jpg 2000w\" sizes=\"(max-width: 1024px) 100vw, 1024px\" \/>\t\t\t\t\t\t\t\t\t\t\t\t\t\t\t<\/div>\n\t\t\t\t<\/div>\n\t\t\t\t\t<\/div>\n\t\t\t\t<\/div>\n\t\t<div class=\"elementor-element elementor-element-b2fad83 e-flex e-con-boxed e-con e-parent\" data-id=\"b2fad83\" data-element_type=\"container\">\n\t\t\t\t\t<div class=\"e-con-inner\">\n\t\t\t\t<div class=\"elementor-element elementor-element-5ac8620 elementor-widget elementor-widget-text-editor\" data-id=\"5ac8620\" data-element_type=\"widget\" data-widget_type=\"text-editor.default\">\n\t\t\t\t<div class=\"elementor-widget-container\">\n\t\t\t\t\t\t\t\t\t<p>Jeudi 5 d\u00e9cembre 2024, la centrale photovolta\u00efque sur le toit de la tribune du stade de rugby a \u00e9t\u00e9 inaugur\u00e9e en pr\u00e9sence du Claude Aufort, Maire de Trignac.<\/p>\t\t\t\t\t\t\t\t<\/div>\n\t\t\t\t<\/div>\n\t\t\t\t\t<\/div>\n\t\t\t\t<\/div>\n\t\t<div class=\"elementor-element elementor-element-38ba639 e-flex e-con-boxed e-con e-parent\" data-id=\"38ba639\" data-element_type=\"container\">\n\t\t\t\t\t<div class=\"e-con-inner\">\n\t\t\t\t<div class=\"elementor-element elementor-element-98fa618 elementor-widget elementor-widget-image\" data-id=\"98fa618\" data-element_type=\"widget\" data-widget_type=\"image.default\">\n\t\t\t\t<div class=\"elementor-widget-container\">\n\t\t\t\t\t\t\t\t\t\t\t\t\t\t\t<img loading=\"lazy\" decoding=\"async\" width=\"1024\" height=\"1024\" src=\"https:\/\/toitsausoleil.org\/wp-content\/uploads\/2024\/12\/PXL_20241205_095134930.MP2_-1024x1024.jpg\" class=\"attachment-large size-large wp-image-10129\" alt=\"\" srcset=\"https:\/\/toitsausoleil.org\/wp-content\/uploads\/2024\/12\/PXL_20241205_095134930.MP2_-1024x1024.jpg 1024w, https:\/\/toitsausoleil.org\/wp-content\/uploads\/2024\/12\/PXL_20241205_095134930.MP2_-300x300.jpg 300w, https:\/\/toitsausoleil.org\/wp-content\/uploads\/2024\/12\/PXL_20241205_095134930.MP2_-150x150.jpg 150w, https:\/\/toitsausoleil.org\/wp-content\/uploads\/2024\/12\/PXL_20241205_095134930.MP2_-768x768.jpg 768w, https:\/\/toitsausoleil.org\/wp-content\/uploads\/2024\/12\/PXL_20241205_095134930.MP2_-1536x1536.jpg 1536w, https:\/\/toitsausoleil.org\/wp-content\/uploads\/2024\/12\/PXL_20241205_095134930.MP2_-2048x2048.jpg 2048w\" sizes=\"(max-width: 1024px) 100vw, 1024px\" \/>\t\t\t\t\t\t\t\t\t\t\t\t\t\t\t<\/div>\n\t\t\t\t<\/div>\n\t\t\t\t\t<\/div>\n\t\t\t\t<\/div>\n\t\t<div class=\"elementor-element elementor-element-2011f40 e-flex e-con-boxed e-con e-parent\" data-id=\"2011f40\" data-element_type=\"container\">\n\t\t\t\t\t<div class=\"e-con-inner\">\n\t\t\t\t<div class=\"elementor-element elementor-element-e5be5f6 elementor-widget elementor-widget-text-editor\" data-id=\"e5be5f6\" data-element_type=\"widget\" data-widget_type=\"text-editor.default\">\n\t\t\t\t<div class=\"elementor-widget-container\">\n\t\t\t\t\t\t\t\t\t<p>Bernard Garnier et Denis Bellec pour Toits au Soleil, Claude Aufort Maire de Trignac, S\u00e9bastien Wairy Adjoint au Maire de Trignac au d\u00e9veloppement durable, Fran\u00e7oise Brard Tr\u00e9sori\u00e8re adjointe du RCT.<\/p>\t\t\t\t\t\t\t\t<\/div>\n\t\t\t\t<\/div>\n\t\t\t\t\t<\/div>\n\t\t\t\t<\/div>\n\t\t<div class=\"elementor-element elementor-element-65c7304 e-flex e-con-boxed e-con e-parent\" data-id=\"65c7304\" data-element_type=\"container\">\n\t\t\t\t\t<div class=\"e-con-inner\">\n\t\t\t\t<div class=\"elementor-element elementor-element-00c32ab elementor-widget elementor-widget-text-editor\" data-id=\"00c32ab\" data-element_type=\"widget\" data-widget_type=\"text-editor.default\">\n\t\t\t\t<div class=\"elementor-widget-container\">\n\t\t\t\t\t\t\t\t\t<p>Ce projet a re\u00e7u le label \u00e9nergie partag\u00e9e.<\/p>\n<p><a title=\"Label \u00e9nergie partag\u00e9e\" href=\"https:\/\/energie-partagee.org\/decouvrir\/energie-citoyenne\/label-charte-energie-partagee\/\">Label \u00e9nergie partag\u00e9e <\/a><\/p>\t\t\t\t\t\t\t\t<\/div>\n\t\t\t\t<\/div>\n\t\t\t\t\t<\/div>\n\t\t\t\t<\/div>\n\t\t\t\t<\/div>\n\t\t","protected":false},"excerpt":{"rendered":"<p>Le toit de la tribune a une structure en b\u00e9ton rev\u00eatue de bitume, sa surface exploitable est de 200 m\u00b2. [&hellip;]<\/p>\n","protected":false},"author":2,"featured_media":0,"parent":0,"menu_order":0,"comment_status":"closed","ping_status":"closed","template":"","meta":{"site-sidebar-layout":"default","site-content-layout":"","ast-site-content-layout":"","site-content-style":"default","site-sidebar-style":"default","ast-global-header-display":"","ast-banner-title-visibility":"","ast-main-header-display":"","ast-hfb-above-header-display":"","ast-hfb-below-header-display":"","ast-hfb-mobile-header-display":"","site-post-title":"","ast-breadcrumbs-content":"","ast-featured-img":"","footer-sml-layout":"","theme-transparent-header-meta":"","adv-header-id-meta":"","stick-header-meta":"","header-above-stick-meta":"","header-main-stick-meta":"","header-below-stick-meta":"","astra-migrate-meta-layouts":"default","ast-page-background-enabled":"default","ast-page-background-meta":{"desktop":{"background-color":"var(--ast-global-color-4)","background-image":"","background-repeat":"repeat","background-position":"center center","background-size":"auto","background-attachment":"scroll","background-type":"","background-media":"","overlay-type":"","overlay-color":"","overlay-gradient":""},"tablet":{"background-color":"","background-image":"","background-repeat":"repeat","background-position":"center center","background-size":"auto","background-attachment":"scroll","background-type":"","background-media":"","overlay-type":"","overlay-color":"","overlay-gradient":""},"mobile":{"background-color":"","background-image":"","background-repeat":"repeat","background-position":"center center","background-size":"auto","background-attachment":"scroll","background-type":"","background-media":"","overlay-type":"","overlay-color":"","overlay-gradient":""}},"ast-content-background-meta":{"desktop":{"background-color":"var(--ast-global-color-5)","background-image":"","background-repeat":"repeat","background-position":"center center","background-size":"auto","background-attachment":"scroll","background-type":"","background-media":"","overlay-type":"","overlay-color":"","overlay-gradient":""},"tablet":{"background-color":"var(--ast-global-color-5)","background-image":"","background-repeat":"repeat","background-position":"center center","background-size":"auto","background-attachment":"scroll","background-type":"","background-media":"","overlay-type":"","overlay-color":"","overlay-gradient":""},"mobile":{"background-color":"var(--ast-global-color-5)","background-image":"","background-repeat":"repeat","background-position":"center center","background-size":"auto","background-attachment":"scroll","background-type":"","background-media":"","overlay-type":"","overlay-color":"","overlay-gradient":""}},"footnotes":""},"class_list":["post-165","page","type-page","status-publish","hentry"],"aioseo_notices":[],"_links":{"self":[{"href":"https:\/\/toitsausoleil.org\/index.php\/wp-json\/wp\/v2\/pages\/165","targetHints":{"allow":["GET"]}}],"collection":[{"href":"https:\/\/toitsausoleil.org\/index.php\/wp-json\/wp\/v2\/pages"}],"about":[{"href":"https:\/\/toitsausoleil.org\/index.php\/wp-json\/wp\/v2\/types\/page"}],"author":[{"embeddable":true,"href":"https:\/\/toitsausoleil.org\/index.php\/wp-json\/wp\/v2\/users\/2"}],"replies":[{"embeddable":true,"href":"https:\/\/toitsausoleil.org\/index.php\/wp-json\/wp\/v2\/comments?post=165"}],"version-history":[{"count":75,"href":"https:\/\/toitsausoleil.org\/index.php\/wp-json\/wp\/v2\/pages\/165\/revisions"}],"predecessor-version":[{"id":10391,"href":"https:\/\/toitsausoleil.org\/index.php\/wp-json\/wp\/v2\/pages\/165\/revisions\/10391"}],"wp:attachment":[{"href":"https:\/\/toitsausoleil.org\/index.php\/wp-json\/wp\/v2\/media?parent=165"}],"curies":[{"name":"wp","href":"https:\/\/api.w.org\/{rel}","templated":true}]}}

<div data-elementor-type="wp-page" data-elementor-id="165" class="elementor elementor-165">
				<div class="elementor-element elementor-element-d9e8088 e-flex e-con-boxed e-con e-parent" data-id="d9e8088" data-element_type="container">
					<div class="e-con-inner">
				<div class="elementor-element elementor-element-0bea42f elementor-widget elementor-widget-image" data-id="0bea42f" data-element_type="widget" data-widget_type="image.default">
				<div class="elementor-widget-container">
															<img fetchpriority="high" decoding="async" width="966" height="690" src="https://toitsausoleil.org/wp-content/uploads/2024/02/Toits-au-soleil-Trignac-tribune-stade-1.jpg" class="attachment-large size-large wp-image-168" alt="" srcset="https://toitsausoleil.org/wp-content/uploads/2024/02/Toits-au-soleil-Trignac-tribune-stade-1.jpg 966w, https://toitsausoleil.org/wp-content/uploads/2024/02/Toits-au-soleil-Trignac-tribune-stade-1-300x214.jpg 300w, https://toitsausoleil.org/wp-content/uploads/2024/02/Toits-au-soleil-Trignac-tribune-stade-1-768x549.jpg 768w" sizes="(max-width: 966px) 100vw, 966px" />															</div>
				</div>
					</div>
				</div>
		<div class="elementor-element elementor-element-2f315d77 e-flex e-con-boxed e-con e-parent" data-id="2f315d77" data-element_type="container">
					<div class="e-con-inner">
				<div class="elementor-element elementor-element-70d3fefb elementor-widget elementor-widget-text-editor" data-id="70d3fefb" data-element_type="widget" data-widget_type="text-editor.default">
				<div class="elementor-widget-container">
									<figure class="wp-block-gallery has-nested-images columns-default is-cropped"></strong></p>
<p><strong>Le toit de la tribune a une structure en béton revêtue de bitume, sa surface exploitable est de 200 m².</strong></p>
<p><strong></strong></p>
<p><strong>88 panneaux seront installés grâce à un financement citoyen soit 33 KWc. 35 MWh d&#8217;électricité seront produits par an.</strong></p>
<p><strong></strong></p>
<p><strong>Cette installation photovoltaïque produira l’équivalent de la consommation d’électricité de 12 foyers (hors chauffage et eau chaude).</strong></p>
<p></p>
<p><strong>Ce projet se concrétise.</strong></p>
<p></p>
<p><strong>En mai 2020 la Ville de Trignac a fait réaliser le changement de l’étanchéité.</strong></p>
<p></p>
<p><strong>Octobre 2020: Défi relevé: l’appel de fonds est terminé! </strong></p>
<p><strong>34 souscripteurs ont participé à cette lévée de fonds.</strong></p>
<p></p>
<p><strong>Vive le financement citoyen!</strong></p>
<p><strong>Mai 2024: les travaux sont terminés.</strong></p>
<p><strong>21 octobre 2024 entrée en production de la centrale photovoltaïque!</strong></p>
<p><span style="text-decoration: underline;"><strong>Bilan après  une année de production:</strong></span></p>
<div><strong>La production annuelle est  supérieure à 37 MWh.</strong></div>
<div><strong> La centrale produit très bien et 2025 a été une année bien ensoleillée.</strong></div>
<div><strong>Dans l&#8217;étude financière, la production estimée de la première année était de 34,5 MWh donc on est à + 7%. C&#8217;est un début encourageant!</strong></div>
<div> </div>
<p></p>
<p></p>								</div>
				</div>
					</div>
				</div>
		<div class="elementor-element elementor-element-7deeea0 e-flex e-con-boxed e-con e-parent" data-id="7deeea0" data-element_type="container">
					<div class="e-con-inner">
				<div class="elementor-element elementor-element-692f1b3 elementor-widget elementor-widget-image" data-id="692f1b3" data-element_type="widget" data-widget_type="image.default">
				<div class="elementor-widget-container">
															<img decoding="async" width="850" height="436" src="https://toitsausoleil.org/wp-content/uploads/2026/02/Capture-decran-2026-02-06-094234.png" class="attachment-large size-large wp-image-10387" alt="" srcset="https://toitsausoleil.org/wp-content/uploads/2026/02/Capture-decran-2026-02-06-094234.png 850w, https://toitsausoleil.org/wp-content/uploads/2026/02/Capture-decran-2026-02-06-094234-300x154.png 300w, https://toitsausoleil.org/wp-content/uploads/2026/02/Capture-decran-2026-02-06-094234-768x394.png 768w" sizes="(max-width: 850px) 100vw, 850px" />															</div>
				</div>
					</div>
				</div>
		<div class="elementor-element elementor-element-1b64fb3 e-flex e-con-boxed e-con e-parent" data-id="1b64fb3" data-element_type="container">
					<div class="e-con-inner">
				<div class="elementor-element elementor-element-a607695 elementor-widget elementor-widget-image" data-id="a607695" data-element_type="widget" data-widget_type="image.default">
				<div class="elementor-widget-container">
															<img decoding="async" width="1024" height="768" src="https://toitsausoleil.org/wp-content/uploads/2024/05/page-FB-1024x768.jpg" class="attachment-large size-large wp-image-9954" alt="" srcset="https://toitsausoleil.org/wp-content/uploads/2024/05/page-FB-1024x768.jpg 1024w, https://toitsausoleil.org/wp-content/uploads/2024/05/page-FB-300x225.jpg 300w, https://toitsausoleil.org/wp-content/uploads/2024/05/page-FB-768x576.jpg 768w, https://toitsausoleil.org/wp-content/uploads/2024/05/page-FB-1536x1152.jpg 1536w, https://toitsausoleil.org/wp-content/uploads/2024/05/page-FB.jpg 2000w" sizes="(max-width: 1024px) 100vw, 1024px" />															</div>
				</div>
					</div>
				</div>
		<div class="elementor-element elementor-element-b2fad83 e-flex e-con-boxed e-con e-parent" data-id="b2fad83" data-element_type="container">
					<div class="e-con-inner">
				<div class="elementor-element elementor-element-5ac8620 elementor-widget elementor-widget-text-editor" data-id="5ac8620" data-element_type="widget" data-widget_type="text-editor.default">
				<div class="elementor-widget-container">
									<p>Jeudi 5 décembre 2024, la centrale photovoltaïque sur le toit de la tribune du stade de rugby a été inaugurée en présence du Claude Aufort, Maire de Trignac.</p>								</div>
				</div>
					</div>
				</div>
		<div class="elementor-element elementor-element-38ba639 e-flex e-con-boxed e-con e-parent" data-id="38ba639" data-element_type="container">
					<div class="e-con-inner">
				<div class="elementor-element elementor-element-98fa618 elementor-widget elementor-widget-image" data-id="98fa618" data-element_type="widget" data-widget_type="image.default">
				<div class="elementor-widget-container">
															<img loading="lazy" decoding="async" width="1024" height="1024" src="https://toitsausoleil.org/wp-content/uploads/2024/12/PXL_20241205_095134930.MP2_-1024x1024.jpg" class="attachment-large size-large wp-image-10129" alt="" srcset="https://toitsausoleil.org/wp-content/uploads/2024/12/PXL_20241205_095134930.MP2_-1024x1024.jpg 1024w, https://toitsausoleil.org/wp-content/uploads/2024/12/PXL_20241205_095134930.MP2_-300x300.jpg 300w, https://toitsausoleil.org/wp-content/uploads/2024/12/PXL_20241205_095134930.MP2_-150x150.jpg 150w, https://toitsausoleil.org/wp-content/uploads/2024/12/PXL_20241205_095134930.MP2_-768x768.jpg 768w, https://toitsausoleil.org/wp-content/uploads/2024/12/PXL_20241205_095134930.MP2_-1536x1536.jpg 1536w, https://toitsausoleil.org/wp-content/uploads/2024/12/PXL_20241205_095134930.MP2_-2048x2048.jpg 2048w" sizes="(max-width: 1024px) 100vw, 1024px" />															</div>
				</div>
					</div>
				</div>
		<div class="elementor-element elementor-element-2011f40 e-flex e-con-boxed e-con e-parent" data-id="2011f40" data-element_type="container">
					<div class="e-con-inner">
				<div class="elementor-element elementor-element-e5be5f6 elementor-widget elementor-widget-text-editor" data-id="e5be5f6" data-element_type="widget" data-widget_type="text-editor.default">
				<div class="elementor-widget-container">
									<p>Bernard Garnier et Denis Bellec pour Toits au Soleil, Claude Aufort Maire de Trignac, Sébastien Wairy Adjoint au Maire de Trignac au développement durable, Françoise Brard Trésorière adjointe du RCT.</p>								</div>
				</div>
					</div>
				</div>
		<div class="elementor-element elementor-element-65c7304 e-flex e-con-boxed e-con e-parent" data-id="65c7304" data-element_type="container">
					<div class="e-con-inner">
				<div class="elementor-element elementor-element-00c32ab elementor-widget elementor-widget-text-editor" data-id="00c32ab" data-element_type="widget" data-widget_type="text-editor.default">
				<div class="elementor-widget-container">
									<p>Ce projet a reçu le label énergie partagée.</p>
<p><a title="Label énergie partagée" href="https://energie-partagee.org/decouvrir/energie-citoyenne/label-charte-energie-partagee/">Label énergie partagée </a></p>								</div>
				</div>
					</div>
				</div>
				</div>

<p>Le toit de la tribune a une structure en béton revêtue de bitume, sa surface exploitable est de 200 m². [&hellip;]</p>
