{"id":10454,"date":"2026-03-12T12:03:17","date_gmt":"2026-03-12T11:03:17","guid":{"rendered":"https:\/\/toitsausoleil.org\/?page_id=10454"},"modified":"2026-03-12T12:09:15","modified_gmt":"2026-03-12T11:09:15","slug":"les-details-du-projet-emmaus-brais","status":"publish","type":"page","link":"https:\/\/toitsausoleil.org\/index.php\/les-details-du-projet-emmaus-brais\/","title":{"rendered":"Les d\u00e9tails du projet Emma\u00fcs Brais:"},"content":{"rendered":"\t\t<div data-elementor-type=\"wp-page\" data-elementor-id=\"10454\" class=\"elementor elementor-10454\">\n\t\t\t\t<div class=\"elementor-element elementor-element-6be0fcf1 e-flex e-con-boxed e-con e-parent\" data-id=\"6be0fcf1\" data-element_type=\"container\">\n\t\t\t\t\t<div class=\"e-con-inner\">\n\t\t\t\t<div class=\"elementor-element elementor-element-4f45d230 elementor-widget elementor-widget-text-editor\" data-id=\"4f45d230\" data-element_type=\"widget\" data-widget_type=\"text-editor.default\">\n\t\t\t\t<div class=\"elementor-widget-container\">\n\t\t\t\t\t\t\t\t\t\n<p class=\"has-medium-font-size\"><\/p>\n\t\t\t\t\t\t\t\t<\/div>\n\t\t\t\t<\/div>\n\t\t\t\t\t<\/div>\n\t\t\t\t<\/div>\n\t\t<div class=\"elementor-element elementor-element-692d628 e-flex e-con-boxed e-con e-parent\" data-id=\"692d628\" data-element_type=\"container\">\n\t\t\t\t\t<div class=\"e-con-inner\">\n\t\t\t\t<div class=\"elementor-element elementor-element-80c77df elementor-widget elementor-widget-text-editor\" data-id=\"80c77df\" data-element_type=\"widget\" data-widget_type=\"text-editor.default\">\n\t\t\t\t<div class=\"elementor-widget-container\">\n\t\t\t\t\t\t\t\t\t<h6 class=\"western\"><span style=\"color: #000000;\"><span style=\"font-family: Arial, sans-serif;\"><span style=\"font-size: medium;\">La communaut\u00e9 Emma\u00fcs de Saint-Nazaire a d\u00e9m\u00e9nag\u00e9 en 2019, de Trignac vers la Zone de Brais \u00e0 Saint-Nazaire.<\/span><\/span><\/span><\/h6>\n<p align=\"left\"><span style=\"color: #000000;\"><span style=\"font-family: Arial, sans-serif;\"><span style=\"font-size: medium;\">C\u2019est Emma\u00fcs qui nous a contact\u00e9 en octobre de la m\u00eame ann\u00e9e pour nous proposer d\u2019\u00e9quiper de panneaux photovolta\u00efques les toits de leurs futurs b\u00e2timents neufs.<\/span><\/span><\/span><\/p>\n<h6 class=\"western\"><span style=\"color: #000000;\"><span style=\"font-family: Arial, sans-serif;\"><span style=\"font-size: medium;\">Depuis la fin 2021, deux nouveaux b\u00e2timents ont en effet \u00e9t\u00e9 construits\u00a0: un b\u00e2timent exposition-vente et b\u00e2timent tri-stockage.<\/span><\/span><\/span><\/h6>\n<h6 class=\"western\" align=\"left\"><span style=\"color: #000000;\"><span style=\"font-family: Arial, sans-serif;\"><span style=\"font-size: medium;\">L\u2019ensemble repr\u00e9sentant une surface totale de toits d\u2019environ 1 600 m\u00b2.<\/span><\/span><\/span><\/h6>\n<h6 class=\"western\" align=\"left\"><span style=\"color: #000000;\"><span style=\"font-family: Arial, sans-serif;\"><span style=\"font-size: medium;\">Ce sont des toits plats avec une \u00e9tanch\u00e9it\u00e9 bitumineuse.<\/span><\/span><\/span><\/h6>\n<h5 class=\"western\"><span style=\"color: #000000;\"><span style=\"font-family: Arial, sans-serif;\"><span style=\"font-size: medium;\">L\u2019inauguration du site par la communaut\u00e9 Emma\u00fcs a eu lieu le 23 f\u00e9vrier 2022 et l\u2019ouverture au public le 26 f\u00e9vrier.<\/span><\/span><\/span><\/h5>\n<h6 class=\"western\"><span style=\"font-family: Arial, sans-serif;\"><span style=\"font-size: medium;\">C&#8217;est sur le b\u00e2timent exposition-vente que le champ solaire photovolta\u00efque a \u00e9t\u00e9 install\u00e9 en 2023, 630 m\u00b2 de panneaux pour une puissance totale de 130 KWc. C&#8217;est \u00e0 dire 321 panneaux de 450 Wc.<\/span><\/span><\/h6>\n<h6 class=\"western\" align=\"left\">\u00a0<\/h6>\n<h6 class=\"western\" align=\"left\"><span style=\"font-family: Arial, sans-serif;\"><span style=\"font-size: medium;\">Ces panneaux vont produire 145 000 KWh par an, ce qui \u00e9quivaut \u00e0 la consommation de 123 foyers (hors chauffage et eau chaude)<\/span><\/span><\/h6>\n<h4 class=\"western\"><strong><span style=\"color: #000000;\"><span style=\"font-family: Arial, sans-serif;\"><span style=\"font-size: medium;\"><span lang=\"fr-FR\">Comme pour tous nos projets, la SAS CoWatt sera propri\u00e9taire et\u00a0 g\u00e9rera l\u2019installation et la maintenance de la centrale.<\/span><\/span><\/span><\/span><\/strong><\/h4>\n<h4 class=\"western\" align=\"left\"><span style=\"color: #000000;\"><span style=\"font-family: Arial, sans-serif;\"><span style=\"font-size: medium;\">L\u2019investissement total pour CoWatt, a \u00e9t\u00e9 d\u2019environ 149 000 euros dont 30\u00a0% de fonds citoyens, c\u2019est \u00e0 dire 44 700 euros r\u00e9unis par 70 souscripteurs.<\/span><\/span><\/span><\/h4>\n<h4 class=\"western\"><strong><span style=\"color: #000000;\"><span style=\"font-family: Arial, sans-serif;\"><span style=\"font-size: medium;\"><span lang=\"fr-FR\">C\u2019est ce financement citoyen qui a conditionn\u00e9 l\u2019obtention du pr\u00eat.<\/span><\/span><\/span><\/span><\/strong><\/h4>\n<h3 class=\"western\"><span style=\"color: #000000;\"><span style=\"font-family: Arial, sans-serif;\"><span style=\"font-size: medium;\">Merci de nous avoir suivis dans ce beau projet\u00a0!<\/span><\/span><\/span><\/h3>\n<h3 class=\"western\" align=\"left\"><span style=\"color: #000000;\"><span style=\"font-family: Arial, sans-serif;\"><span style=\"font-size: medium;\">L\u2019inauguration a eu lieu le 6 mai 2023. Une belle f\u00eate ! Avec la remise du Label \u00e9nergie partag\u00e9e.<\/span><\/span><\/span><\/h3>\n<p align=\"left\"><strong><span style=\"font-family: Arial, sans-serif;\"><span style=\"font-size: medium;\">Ce projet a inject\u00e9 ses premiers \u00e9lectrons le 23 f\u00e9vrier 2024.<\/span><\/span><\/strong><\/p>\n<p align=\"left\"><strong><span style=\"font-family: Arial, sans-serif;\"><span style=\"font-size: medium;\">Pour revoir la vid\u00e9o de l&#8217;inauguration c&#8217;est ici:<\/span><\/span><\/strong><\/p>\n<p align=\"left\"><strong><a href=\"https:\/\/youtu.be\/xC4PL_4rwX0\" target=\"_blank\" rel=\"noopener\"> <span style=\"font-family: Arial, sans-serif;\"><span style=\"font-size: medium;\">inauguration centrale photovolta\u00efque Emma\u00fcs<\/span><\/span><\/a><\/strong><\/p>\n<h3 class=\"western\"><strong><span style=\"font-family: Arial, sans-serif;\"><span style=\"font-size: medium;\">En 2026, nous sommes heureux de pouvoir annoncer que nous avons effectu\u00e9 le transfert d&#8217;obligation d&#8217;achat d&#8217; EDF OA vers Enercoop OA.<\/span><\/span><\/strong><\/h3>\t\t\t\t\t\t\t\t<\/div>\n\t\t\t\t<\/div>\n\t\t\t\t\t<\/div>\n\t\t\t\t<\/div>\n\t\t\t\t<\/div>\n\t\t","protected":false},"excerpt":{"rendered":"<p>La communaut\u00e9 Emma\u00fcs de Saint-Nazaire a d\u00e9m\u00e9nag\u00e9 en 2019, de Trignac vers la Zone de Brais \u00e0 Saint-Nazaire. C\u2019est Emma\u00fcs [&hellip;]<\/p>\n","protected":false},"author":2,"featured_media":0,"parent":0,"menu_order":0,"comment_status":"closed","ping_status":"closed","template":"","meta":{"site-sidebar-layout":"default","site-content-layout":"","ast-site-content-layout":"","site-content-style":"default","site-sidebar-style":"default","ast-global-header-display":"","ast-banner-title-visibility":"","ast-main-header-display":"","ast-hfb-above-header-display":"","ast-hfb-below-header-display":"","ast-hfb-mobile-header-display":"","site-post-title":"","ast-breadcrumbs-content":"","ast-featured-img":"","footer-sml-layout":"","theme-transparent-header-meta":"","adv-header-id-meta":"","stick-header-meta":"","header-above-stick-meta":"","header-main-stick-meta":"","header-below-stick-meta":"","astra-migrate-meta-layouts":"default","ast-page-background-enabled":"default","ast-page-background-meta":{"desktop":{"background-color":"var(--ast-global-color-4)","background-image":"","background-repeat":"repeat","background-position":"center center","background-size":"auto","background-attachment":"scroll","background-type":"","background-media":"","overlay-type":"","overlay-color":"","overlay-gradient":""},"tablet":{"background-color":"","background-image":"","background-repeat":"repeat","background-position":"center center","background-size":"auto","background-attachment":"scroll","background-type":"","background-media":"","overlay-type":"","overlay-color":"","overlay-gradient":""},"mobile":{"background-color":"","background-image":"","background-repeat":"repeat","background-position":"center center","background-size":"auto","background-attachment":"scroll","background-type":"","background-media":"","overlay-type":"","overlay-color":"","overlay-gradient":""}},"ast-content-background-meta":{"desktop":{"background-color":"var(--ast-global-color-5)","background-image":"","background-repeat":"repeat","background-position":"center center","background-size":"auto","background-attachment":"scroll","background-type":"","background-media":"","overlay-type":"","overlay-color":"","overlay-gradient":""},"tablet":{"background-color":"var(--ast-global-color-5)","background-image":"","background-repeat":"repeat","background-position":"center center","background-size":"auto","background-attachment":"scroll","background-type":"","background-media":"","overlay-type":"","overlay-color":"","overlay-gradient":""},"mobile":{"background-color":"var(--ast-global-color-5)","background-image":"","background-repeat":"repeat","background-position":"center center","background-size":"auto","background-attachment":"scroll","background-type":"","background-media":"","overlay-type":"","overlay-color":"","overlay-gradient":""}},"footnotes":""},"class_list":["post-10454","page","type-page","status-publish","hentry"],"aioseo_notices":[],"_links":{"self":[{"href":"https:\/\/toitsausoleil.org\/index.php\/wp-json\/wp\/v2\/pages\/10454","targetHints":{"allow":["GET"]}}],"collection":[{"href":"https:\/\/toitsausoleil.org\/index.php\/wp-json\/wp\/v2\/pages"}],"about":[{"href":"https:\/\/toitsausoleil.org\/index.php\/wp-json\/wp\/v2\/types\/page"}],"author":[{"embeddable":true,"href":"https:\/\/toitsausoleil.org\/index.php\/wp-json\/wp\/v2\/users\/2"}],"replies":[{"embeddable":true,"href":"https:\/\/toitsausoleil.org\/index.php\/wp-json\/wp\/v2\/comments?post=10454"}],"version-history":[{"count":7,"href":"https:\/\/toitsausoleil.org\/index.php\/wp-json\/wp\/v2\/pages\/10454\/revisions"}],"predecessor-version":[{"id":10464,"href":"https:\/\/toitsausoleil.org\/index.php\/wp-json\/wp\/v2\/pages\/10454\/revisions\/10464"}],"wp:attachment":[{"href":"https:\/\/toitsausoleil.org\/index.php\/wp-json\/wp\/v2\/media?parent=10454"}],"curies":[{"name":"wp","href":"https:\/\/api.w.org\/{rel}","templated":true}]}}

Les détails du projet Emmaüs Brais:

<div data-elementor-type="wp-page" data-elementor-id="10454" class="elementor elementor-10454">
				<div class="elementor-element elementor-element-6be0fcf1 e-flex e-con-boxed e-con e-parent" data-id="6be0fcf1" data-element_type="container">
					<div class="e-con-inner">
				<div class="elementor-element elementor-element-4f45d230 elementor-widget elementor-widget-text-editor" data-id="4f45d230" data-element_type="widget" data-widget_type="text-editor.default">
				<div class="elementor-widget-container">
									
<p class="has-medium-font-size"></p>
								</div>
				</div>
					</div>
				</div>
		<div class="elementor-element elementor-element-692d628 e-flex e-con-boxed e-con e-parent" data-id="692d628" data-element_type="container">
					<div class="e-con-inner">
				<div class="elementor-element elementor-element-80c77df elementor-widget elementor-widget-text-editor" data-id="80c77df" data-element_type="widget" data-widget_type="text-editor.default">
				<div class="elementor-widget-container">
									<h6 class="western"><span style="color: #000000;"><span style="font-family: Arial, sans-serif;"><span style="font-size: medium;">La communauté Emmaüs de Saint-Nazaire a déménagé en 2019, de Trignac vers la Zone de Brais à Saint-Nazaire.</span></span></span></h6>
<p align="left"><span style="color: #000000;"><span style="font-family: Arial, sans-serif;"><span style="font-size: medium;">C’est Emmaüs qui nous a contacté en octobre de la même année pour nous proposer d’équiper de panneaux photovoltaïques les toits de leurs futurs bâtiments neufs.</span></span></span></p>
<h6 class="western"><span style="color: #000000;"><span style="font-family: Arial, sans-serif;"><span style="font-size: medium;">Depuis la fin 2021, deux nouveaux bâtiments ont en effet été construits : un bâtiment exposition-vente et bâtiment tri-stockage.</span></span></span></h6>
<h6 class="western" align="left"><span style="color: #000000;"><span style="font-family: Arial, sans-serif;"><span style="font-size: medium;">L’ensemble représentant une surface totale de toits d’environ 1 600 m².</span></span></span></h6>
<h6 class="western" align="left"><span style="color: #000000;"><span style="font-family: Arial, sans-serif;"><span style="font-size: medium;">Ce sont des toits plats avec une étanchéité bitumineuse.</span></span></span></h6>
<h5 class="western"><span style="color: #000000;"><span style="font-family: Arial, sans-serif;"><span style="font-size: medium;">L’inauguration du site par la communauté Emmaüs a eu lieu le 23 février 2022 et l’ouverture au public le 26 février.</span></span></span></h5>
<h6 class="western"><span style="font-family: Arial, sans-serif;"><span style="font-size: medium;">C&#8217;est sur le bâtiment exposition-vente que le champ solaire photovoltaïque a été installé en 2023, 630 m² de panneaux pour une puissance totale de 130 KWc. C&#8217;est à dire 321 panneaux de 450 Wc.</span></span></h6>
<h6 class="western" align="left"> </h6>
<h6 class="western" align="left"><span style="font-family: Arial, sans-serif;"><span style="font-size: medium;">Ces panneaux vont produire 145 000 KWh par an, ce qui équivaut à la consommation de 123 foyers (hors chauffage et eau chaude)</span></span></h6>
<h4 class="western"><strong><span style="color: #000000;"><span style="font-family: Arial, sans-serif;"><span style="font-size: medium;"><span lang="fr-FR">Comme pour tous nos projets, la SAS CoWatt sera propriétaire et  gérera l’installation et la maintenance de la centrale.</span></span></span></span></strong></h4>
<h4 class="western" align="left"><span style="color: #000000;"><span style="font-family: Arial, sans-serif;"><span style="font-size: medium;">L’investissement total pour CoWatt, a été d’environ 149 000 euros dont 30 % de fonds citoyens, c’est à dire 44 700 euros réunis par 70 souscripteurs.</span></span></span></h4>
<h4 class="western"><strong><span style="color: #000000;"><span style="font-family: Arial, sans-serif;"><span style="font-size: medium;"><span lang="fr-FR">C’est ce financement citoyen qui a conditionné l’obtention du prêt.</span></span></span></span></strong></h4>
<h3 class="western"><span style="color: #000000;"><span style="font-family: Arial, sans-serif;"><span style="font-size: medium;">Merci de nous avoir suivis dans ce beau projet !</span></span></span></h3>
<h3 class="western" align="left"><span style="color: #000000;"><span style="font-family: Arial, sans-serif;"><span style="font-size: medium;">L’inauguration a eu lieu le 6 mai 2023. Une belle fête ! Avec la remise du Label énergie partagée.</span></span></span></h3>
<p align="left"><strong><span style="font-family: Arial, sans-serif;"><span style="font-size: medium;">Ce projet a injecté ses premiers électrons le 23 février 2024.</span></span></strong></p>
<p align="left"><strong><span style="font-family: Arial, sans-serif;"><span style="font-size: medium;">Pour revoir la vidéo de l&#8217;inauguration c&#8217;est ici:</span></span></strong></p>
<p align="left"><strong><a href="https://youtu.be/xC4PL_4rwX0" target="_blank" rel="noopener"> <span style="font-family: Arial, sans-serif;"><span style="font-size: medium;">inauguration centrale photovoltaïque Emmaüs</span></span></a></strong></p>
<h3 class="western"><strong><span style="font-family: Arial, sans-serif;"><span style="font-size: medium;">En 2026, nous sommes heureux de pouvoir annoncer que nous avons effectué le transfert d&#8217;obligation d&#8217;achat d&#8217; EDF OA vers Enercoop OA.</span></span></strong></h3>								</div>
				</div>
					</div>
				</div>
				</div>

<p>La communauté Emmaüs de Saint-Nazaire a déménagé en 2019, de Trignac vers la Zone de Brais à Saint-Nazaire. C’est Emmaüs [&hellip;]</p>
